{"id":64,"date":"2017-11-23T15:14:19","date_gmt":"2017-11-23T14:14:19","guid":{"rendered":"http:\/\/die-logo-app.de\/?page_id=64"},"modified":"2018-04-27T12:40:10","modified_gmt":"2018-04-27T10:40:10","slug":"dieapp","status":"publish","type":"page","link":"https:\/\/www.die-logo-app.com\/?page_id=64","title":{"rendered":"Die App"},"content":{"rendered":"<p>In der App stehen \u00dcbungen zu den Lauten SCH, K, T, S, CH1, G, D und R zur Verf\u00fcgung.<\/p>\n<p>Diese beinhalten jeweils:<\/p>\n<ul>\n<li>Laut lokalisieren<\/li>\n<li>Laute vergleichen<\/li>\n<li>Sprechen von W\u00f6rtern in den Schwierigkeitsstufen einfach, mittel, schwierig<\/li>\n<li>Sprechen von S\u00e4tzen in den Schwierigkeitsstufen einfach, mittel, schwierig<\/li>\n<li>Spiel Wort- bzw. Satzpaare finden<\/li>\n<\/ul>\n","protected":false},"excerpt":{"rendered":"<p>In der App stehen \u00dcbungen zu den Lauten SCH, K, T, S, CH1, G, D und R zur Verf\u00fcgung. Diese beinhalten jeweils: Laut lokalisieren Laute vergleichen Sprechen von W\u00f6rtern in den Schwierigkeitsstufen einfach, mittel, schwierig Sprechen von S\u00e4tzen in den Schwierigkeitsstufen einfach, mittel, schwierig Spiel Wort- bzw. Satzpaare finden<\/p>\n","protected":false},"author":2,"featured_media":0,"parent":0,"menu_order":0,"comment_status":"closed","ping_status":"closed","template":"","meta":[],"yoast_head":"<!-- This site is optimized with the Yoast SEO plugin v14.9 - https:\/\/yoast.com\/wordpress\/plugins\/seo\/ -->\n<title>Die App - Logo App - \u00dcbungen - Laute SCH, K, T, S, CH1, G, D und R<\/title>\n<meta name=\"description\" content=\"Laut lokalisieren - Laute vergleichen -Sprechen von W\u00f6rtern in den Schwierigkeitsstufen einfach, mittel, schwierig - Sprechen von S\u00e4tzen in den Schwierigkeitsstufen einfach, mittel, schwierig - Spiel Wort- bzw. Satzpaare finden\" \/>\n<meta name=\"robots\" content=\"index, follow, max-snippet:-1, max-image-preview:large, max-video-preview:-1\" \/>\n<link rel=\"canonical\" href=\"http:\/\/www.die-logo-app.com\/?page_id=64\" \/>\n<meta property=\"og:locale\" content=\"de_DE\" \/>\n<meta property=\"og:type\" content=\"article\" \/>\n<meta property=\"og:title\" content=\"Die App - Logo App - \u00dcbungen - Laute SCH, K, T, S, CH1, G, D und R\" \/>\n<meta property=\"og:description\" content=\"Laut lokalisieren - Laute vergleichen -Sprechen von W\u00f6rtern in den Schwierigkeitsstufen einfach, mittel, schwierig - Sprechen von S\u00e4tzen in den Schwierigkeitsstufen einfach, mittel, schwierig - Spiel Wort- bzw. Satzpaare finden\" \/>\n<meta property=\"og:url\" content=\"http:\/\/www.die-logo-app.com\/?page_id=64\" \/>\n<meta property=\"og:site_name\" content=\"Logo App\" \/>\n<meta property=\"article:modified_time\" content=\"2018-04-27T10:40:10+00:00\" \/>\n<meta name=\"twitter:card\" content=\"summary_large_image\" \/>\n<script type=\"application\/ld+json\" class=\"yoast-schema-graph\">{\"@context\":\"https:\/\/schema.org\",\"@graph\":[{\"@type\":\"WebSite\",\"@id\":\"https:\/\/www.die-logo-app.com\/#website\",\"url\":\"https:\/\/www.die-logo-app.com\/\",\"name\":\"Logo App\",\"description\":\"Logop\\u00e4die  &amp; Sprachtraining\",\"potentialAction\":[{\"@type\":\"SearchAction\",\"target\":\"https:\/\/www.die-logo-app.com\/?s={search_term_string}\",\"query-input\":\"required name=search_term_string\"}],\"inLanguage\":\"de\"},{\"@type\":\"WebPage\",\"@id\":\"http:\/\/www.die-logo-app.com\/?page_id=64#webpage\",\"url\":\"http:\/\/www.die-logo-app.com\/?page_id=64\",\"name\":\"Die App - Logo App - \\u00dcbungen - Laute SCH, K, T, S, CH1, G, D und R\",\"isPartOf\":{\"@id\":\"https:\/\/www.die-logo-app.com\/#website\"},\"datePublished\":\"2017-11-23T14:14:19+00:00\",\"dateModified\":\"2018-04-27T10:40:10+00:00\",\"description\":\"Laut lokalisieren - Laute vergleichen -Sprechen von W\\u00f6rtern in den Schwierigkeitsstufen einfach, mittel, schwierig - Sprechen von S\\u00e4tzen in den Schwierigkeitsstufen einfach, mittel, schwierig - Spiel Wort- bzw. Satzpaare finden\",\"inLanguage\":\"de\",\"potentialAction\":[{\"@type\":\"ReadAction\",\"target\":[\"http:\/\/www.die-logo-app.com\/?page_id=64\"]}]}]}<\/script>\n<!-- \/ Yoast SEO plugin. -->","_links":{"self":[{"href":"https:\/\/www.die-logo-app.com\/index.php?rest_route=\/wp\/v2\/pages\/64"}],"collection":[{"href":"https:\/\/www.die-logo-app.com\/index.php?rest_route=\/wp\/v2\/pages"}],"about":[{"href":"https:\/\/www.die-logo-app.com\/index.php?rest_route=\/wp\/v2\/types\/page"}],"author":[{"embeddable":true,"href":"https:\/\/www.die-logo-app.com\/index.php?rest_route=\/wp\/v2\/users\/2"}],"replies":[{"embeddable":true,"href":"https:\/\/www.die-logo-app.com\/index.php?rest_route=%2Fwp%2Fv2%2Fcomments&post=64"}],"version-history":[{"count":2,"href":"https:\/\/www.die-logo-app.com\/index.php?rest_route=\/wp\/v2\/pages\/64\/revisions"}],"predecessor-version":[{"id":94,"href":"https:\/\/www.die-logo-app.com\/index.php?rest_route=\/wp\/v2\/pages\/64\/revisions\/94"}],"wp:attachment":[{"href":"https:\/\/www.die-logo-app.com\/index.php?rest_route=%2Fwp%2Fv2%2Fmedia&parent=64"}],"curies":[{"name":"wp","href":"https:\/\/api.w.org\/{rel}","templated":true}]}}