{"id":99,"date":"2017-11-28T10:25:29","date_gmt":"2017-11-28T09:25:29","guid":{"rendered":"http:\/\/die-logo-app.de\/?page_id=99"},"modified":"2018-05-18T14:40:07","modified_gmt":"2018-05-18T12:40:07","slug":"logopaedie-sprachtraining","status":"publish","type":"page","link":"https:\/\/www.die-logo-app.com\/","title":{"rendered":"Logop\u00e4die &#038; Sprachtraining"},"content":{"rendered":"<p><iframe width=\"660\" height=\"371\" src=\"https:\/\/www.youtube.com\/embed\/mZiyQkss2aQ?feature=oembed\" frameborder=\"0\" allow=\"autoplay; encrypted-media\" allowfullscreen><\/iframe><\/p>\n<p><a href=\"https:\/\/play.google.com\/store\/apps\/details?id=com.guteslernen.logoapp\" target=\"_blank\" rel=\"noopener\"><img loading=\"lazy\" class=\"wp-image-112 aligncenter\" src=\"http:\/\/die-logo-app.de\/wp-content\/uploads\/2017\/11\/google_play_logo-300x103.png\" alt=\"\" width=\"200\" height=\"69\" srcset=\"https:\/\/www.die-logo-app.com\/wp-content\/uploads\/2017\/11\/google_play_logo-300x103.png 300w, https:\/\/www.die-logo-app.com\/wp-content\/uploads\/2017\/11\/google_play_logo-768x264.png 768w, https:\/\/www.die-logo-app.com\/wp-content\/uploads\/2017\/11\/google_play_logo-1024x352.png 1024w\" sizes=\"(max-width: 200px) 100vw, 200px\" \/><\/a><a href=\"https:\/\/itunes.apple.com\/de\/app\/logop%C3%A4die-und-sprachtraining\/id1313707198\" target=\"_blank\" rel=\"noopener\"><img loading=\"lazy\" class=\"wp-image-115 aligncenter\" src=\"http:\/\/die-logo-app.de\/wp-content\/uploads\/2017\/11\/images-300x104.png\" alt=\"\" width=\"200\" height=\"69\" srcset=\"https:\/\/www.die-logo-app.com\/wp-content\/uploads\/2017\/11\/images-300x104.png 300w, https:\/\/www.die-logo-app.com\/wp-content\/uploads\/2017\/11\/images-768x265.png 768w, https:\/\/www.die-logo-app.com\/wp-content\/uploads\/2017\/11\/images-1024x354.png 1024w\" sizes=\"(max-width: 200px) 100vw, 200px\" \/><\/a><\/p>\n<p>&nbsp;<\/p>\n<h4 style=\"text-align: center;\">Flyer downloaden<\/h4>\n<p style=\"text-align: center;\"><a href=\"http:\/\/die-logo-app.de\/wp-content\/uploads\/2017\/11\/Flyer-DIN-A-4-Website.pdf\">Hier klicken f\u00fcr den Download<\/a><\/p>\n","protected":false},"excerpt":{"rendered":"<p>&nbsp; Flyer downloaden Hier klicken f\u00fcr den Download<\/p>\n","protected":false},"author":2,"featured_media":50,"parent":0,"menu_order":0,"comment_status":"closed","ping_status":"closed","template":"","meta":[],"yoast_head":"<!-- This site is optimized with the Yoast SEO plugin v14.9 - https:\/\/yoast.com\/wordpress\/plugins\/seo\/ -->\n<title>Logo App - Logop\u00e4die und Sprachtraining mit Spa\u00df<\/title>\n<meta name=\"description\" content=\"Die \u00dcbungen im Rahmen einer logop\u00e4dischen Therapie sollen Spa\u00df machen - das k\u00f6nnen Sie mit der Logo App. ANDROID APP ON Google Play - Download on the App Store\" \/>\n<meta name=\"robots\" content=\"index, follow, max-snippet:-1, max-image-preview:large, max-video-preview:-1\" \/>\n<link rel=\"canonical\" href=\"http:\/\/www.die-logo-app.com\/\" \/>\n<meta property=\"og:locale\" content=\"de_DE\" \/>\n<meta property=\"og:type\" content=\"article\" \/>\n<meta property=\"og:title\" content=\"Logo App - Logop\u00e4die und Sprachtraining mit Spa\u00df\" \/>\n<meta property=\"og:description\" content=\"Die \u00dcbungen im Rahmen einer logop\u00e4dischen Therapie sollen Spa\u00df machen - das k\u00f6nnen Sie mit der Logo App. ANDROID APP ON Google Play - Download on the App Store\" \/>\n<meta property=\"og:url\" content=\"http:\/\/www.die-logo-app.com\/\" \/>\n<meta property=\"og:site_name\" content=\"Logo App\" \/>\n<meta property=\"article:modified_time\" content=\"2018-05-18T12:40:07+00:00\" \/>\n<meta property=\"og:image\" content=\"https:\/\/www.die-logo-app.com\/wp-content\/uploads\/2017\/11\/banner_webshop-1.jpg\" \/>\n\t<meta property=\"og:image:width\" content=\"1024\" \/>\n\t<meta property=\"og:image:height\" content=\"500\" \/>\n<meta name=\"twitter:card\" content=\"summary_large_image\" \/>\n<script type=\"application\/ld+json\" class=\"yoast-schema-graph\">{\"@context\":\"https:\/\/schema.org\",\"@graph\":[{\"@type\":\"WebSite\",\"@id\":\"https:\/\/www.die-logo-app.com\/#website\",\"url\":\"https:\/\/www.die-logo-app.com\/\",\"name\":\"Logo App\",\"description\":\"Logop\\u00e4die  &amp; Sprachtraining\",\"potentialAction\":[{\"@type\":\"SearchAction\",\"target\":\"https:\/\/www.die-logo-app.com\/?s={search_term_string}\",\"query-input\":\"required name=search_term_string\"}],\"inLanguage\":\"de\"},{\"@type\":\"ImageObject\",\"@id\":\"http:\/\/www.die-logo-app.com\/#primaryimage\",\"inLanguage\":\"de\",\"url\":\"https:\/\/www.die-logo-app.com\/wp-content\/uploads\/2017\/11\/banner_webshop-1.jpg\",\"width\":1024,\"height\":500,\"caption\":\"Logo App\"},{\"@type\":\"WebPage\",\"@id\":\"http:\/\/www.die-logo-app.com\/#webpage\",\"url\":\"http:\/\/www.die-logo-app.com\/\",\"name\":\"Logo App - Logop\\u00e4die und Sprachtraining mit Spa\\u00df\",\"isPartOf\":{\"@id\":\"https:\/\/www.die-logo-app.com\/#website\"},\"primaryImageOfPage\":{\"@id\":\"http:\/\/www.die-logo-app.com\/#primaryimage\"},\"datePublished\":\"2017-11-28T09:25:29+00:00\",\"dateModified\":\"2018-05-18T12:40:07+00:00\",\"description\":\"Die \\u00dcbungen im Rahmen einer logop\\u00e4dischen Therapie sollen Spa\\u00df machen - das k\\u00f6nnen Sie mit der Logo App. ANDROID APP ON Google Play - Download on the App Store\",\"inLanguage\":\"de\",\"potentialAction\":[{\"@type\":\"ReadAction\",\"target\":[\"http:\/\/www.die-logo-app.com\/\"]}]}]}<\/script>\n<!-- \/ Yoast SEO plugin. -->","_links":{"self":[{"href":"https:\/\/www.die-logo-app.com\/index.php?rest_route=\/wp\/v2\/pages\/99"}],"collection":[{"href":"https:\/\/www.die-logo-app.com\/index.php?rest_route=\/wp\/v2\/pages"}],"about":[{"href":"https:\/\/www.die-logo-app.com\/index.php?rest_route=\/wp\/v2\/types\/page"}],"author":[{"embeddable":true,"href":"https:\/\/www.die-logo-app.com\/index.php?rest_route=\/wp\/v2\/users\/2"}],"replies":[{"embeddable":true,"href":"https:\/\/www.die-logo-app.com\/index.php?rest_route=%2Fwp%2Fv2%2Fcomments&post=99"}],"version-history":[{"count":12,"href":"https:\/\/www.die-logo-app.com\/index.php?rest_route=\/wp\/v2\/pages\/99\/revisions"}],"predecessor-version":[{"id":148,"href":"https:\/\/www.die-logo-app.com\/index.php?rest_route=\/wp\/v2\/pages\/99\/revisions\/148"}],"wp:featuredmedia":[{"embeddable":true,"href":"https:\/\/www.die-logo-app.com\/index.php?rest_route=\/wp\/v2\/media\/50"}],"wp:attachment":[{"href":"https:\/\/www.die-logo-app.com\/index.php?rest_route=%2Fwp%2Fv2%2Fmedia&parent=99"}],"curies":[{"name":"wp","href":"https:\/\/api.w.org\/{rel}","templated":true}]}}